 -48. What is the units digit of m?
2
Suppose -b = -3*k - 4 + 2, 5*b + 3*k = 28. Suppose 4*d - 2*d - 470 = -4*f, d = b*f - 584. What is the units digit of f?
7
Suppose -22080 = 1460*p - 1466*p. What is the hundreds digit of p?
6
Suppose 45 = -6*p - 3*p. Suppose 5*o - 4*t - 86 = 5, 4*o - 44 = -4*t. Let x = o + p. What is the units digit of x?
0
Let t(h) = h**2 - 11*h + 11. Let f be t(-8). Suppose 5*n = 2*s + 344, 35 = 3*n + 3*s - f. What is the units digit of n?
8
Let x(i) be the first derivative of -4*i**2 + 4*i**2 + 4*i**2 - 3 - 9*i - 4. What is the tens digit of x(6)?
3
Suppose x + 31 = 4*l, -x + 4*l = -2*x + 9. Let r(q) = -q**3 - 10*q**2 + 2*q + 3. What is the hundreds digit of r(x)?
1
Suppose -3*y = j - 10, 3*y + 4*j - 4 = 9. Let c = -30 + 42. What is the units digit of (y - -1)/(3/c)?
6
Let n be -3 + (-2027)/(-4) + (-7)/(-28). What is the hundreds digit of (80/(-6))/((-42)/n)?
1
Let c(q) = 4*q**2 - 40*q + 27. What is the tens digit of c(-19)?
3
Suppose 789 = 4*l - 0*c + 3*c, 15 = -3*c. Suppose -l = 2*n - 651. Suppose 6*s = 3*s + n. What is the tens digit of s?
7
Let x(u) = -u. Let o(g) = g**2 - 3*g + 2. Let v be o(3). Let y(t) = -t**3 - 5*t**2 - 2*t - 4. Let b(d) = v*x(d) + y(d). What is the units digit of b(-6)?
6
Suppose -7*f = 9*f - 592. Suppose -j + 1 + 0 = 0. Suppose -j = n - f. What is the units digit of n?
6
Let c(x) = x**3 + 4*x**2 - 7*x - 4. Let i be c(-6). Let r = i - -84. Suppose w + 46 = 3*a, -2*a - r = -5*a - w. What is the units digit of a?
6
Let s be (-252 - (-2 - -5)) + 3. Let o = s - -516. What is the tens digit of o?
6
Let h(i) = 6*i**2 + 195*i - 8. What is the hundreds digit of h(14)?
8
Suppose 0 = 47*a - 31*a - 10704. What is the units digit of a?
9
Let r = -859 - -4963. What is the units digit of r?
4
Suppose -2*r + 6*r = 4*h - 2880, -r - 1438 = -2*h. What is the units digit of h?
8
Suppose 4*m = -m + 170. Let w = -31 - -14. Let n = w + m. What is the tens digit of n?
1
Let o = 118 + -44. Let s = 83 + o. What is the units digit of s?
7
Suppose -4*f = 20, -4*f = 13*o - 8*o - 1510. What is the tens digit of o?
0
Suppose 174 = 6*j - 3*j. Let o = j + 163. What is the units digit of o?
1
Let i(k) = 1007*k**2 - k + 3. What is the tens digit of i(1)?
0
Suppose -a + 170 = -273. What is the hundreds digit of a?
4
Suppose -73 = 8*c - 1. Let q(g) = -g**3 + 11 + 0*g**2 + 2*g**3 - 8*g + 8*g**2. What is the units digit of q(c)?
2
Suppose 3*m = -z + 969, -2*m + 641 = -22*z + 21*z. What is the tens digit of m?
2
Let l(p) = 7*p**3 - p**2 - p + 12. What is the hundreds digit of l(4)?
4
Let h(a) = -a**3 + 18*a**2 + 20*a - 21. Let p be h(19). Let b be 0 - (-6 - (-4 - -2)). What is the tens digit of p + b + 207/3?
7
What is the tens digit of (2/(-7) - (-6108)/14)*1?
3
Let u = 1937 - -1123. What is the thousands digit of u?
3
Let p(h) = -3*h**3 - 7*h**2 + 8*h + 9. Let l be p(-6). Suppose 0 = j + 2*q - 0*q - 81, -3*q = -4*j + l. What is the tens digit of j?
8
Let v be 2/3 + (-291)/(-9) + 6. Suppose -35*j + v*j = 504. What is the hundreds digit of j?
1
Suppose 0 = -2*j - 3*c + 5083, 12*c + 12645 = 5*j + 7*c. What is the hundreds digit of j?
5
Let v = 29 - 19. What is the hundreds digit of 483*2/(-4)*v/(-15)?
1
Suppose 2*t - 1389 = 709. Let z = t + -749. What is the units digit of z?
0
Let f(u) = -u**2 - 17*u + 12. Let y be f(-17). Let c = 6 + y. What is the tens digit of c?
1
Let d = 10 - 7. What is the units digit of 478/8 - d/(-12)?
0
Let p(d) be the second derivative of d**3/3 + 32*d**2 + 19*d. What is the tens digit of p(-14)?
3
Let j = 907 - 655. What is the units digit of j?
2
Let y = -6 - -3. Let b be (-1131)/(-13)*1/y. What is the tens digit of (-1)/2 - b/2?
1
Suppose 7*p + 402 + 298 = 0. Let i = p - -204. What is the units digit of i?
4
Suppose 4*o - 7*l - 61 = -2*l, 4*o = -4*l + 88. What is the tens digit of o?
1
Let z(k) = 46*k + 80. What is the tens digit of z(8)?
4
What is the tens digit of (-5685)/(-9) - 5/(-15)?
3
Suppose -20 = -5*h - 5*g, 20 = -h + 2*h - 3*g. Suppose 324 = h*b - 4*b. What is the units digit of b?
1
Let a(o) = 2*o**2 + 13*o - 5. What is the units digit of a(14)?
9
Suppose -5*x - 4*q + 9 - 1 = 0, 2*q - 14 = -5*x. Suppose x*u + 0*u = 2*c + 138, c = -2*u + 59. What is the tens digit of u?
3
Let i be (2/4 + (-5)/2)*1. What is the units digit of 532/12 - i*(-2)/(-6)?
5
Suppose 0 = -3*n - 15, 4*f - f - n + 298 = 0. Let o = f + 168. What is the tens digit of o?
6
Let s = 13 + -12. Suppose -r = -5 + s. Suppose 0 = -r*i + 21 + 39. What is the units digit of i?
5
Let u = 1104 - 769. What is the units digit of u?
5
Suppose -174 = 3*s - 534. Let b = s - 76. What is the tens digit of (0 - (-1 - b))*1?
4
Suppose -12*i - 60 = -7*i. What is the tens digit of 14/21 + (-2)/(i/686)?
1
Let d(y) be the second derivative of 8*y**3/3 - 5*y**2/2 - 4*y. What is the tens digit of d(8)?
2
Suppose 0 = 3*j - 3*t, 3*t = -5*j + j + 21. Suppose -42 = -j*r - 3*r. What is the units digit of r?
7
Let i(y) = y**2 + 12*y + 3. Let d be i(-12). Let p(n) = -3*n + 4*n + d + 7 + 8. What is the units digit of p(-14)?
4
Let f(k) = k**3 + k**2 - 6*k + 4. Suppose -3*d + 13 = 3*l - 5*d, 0 = -l - d + 1. What is the units digit of f(l)?
2
Let p(g) = -g. Suppose -5*z + 5*i = -30, i - 3 = -2*z + 12. Let l be p(z). Let w = 2 - l. What is the units digit of w?
9
Let v = 189 - -61. What is the units digit of v?
0
Suppose t + 7 - 18 = 0. What is the tens digit of -10 + t - 27*-1?
2
Let d(n) = -n + 29. Let y be d(8). Suppose 4*x + 198 = 5*r, -y = -4*r - 2*x + 127. What is the tens digit of r?
3
Let n be 1/((-9)/(-182)) + 4/(-18). Suppose -4*r = -156 - n. What is the units digit of r?
4
Suppose 4*b - 24581 = -4*t - 8065, -4*b + 5*t + 16489 = 0. What is the tens digit of b?
2
Suppose 2*t - 8 = -o - 2*o, -3*o + 3*t = -18. Suppose 0*v - 28 = -o*v. What is the tens digit of 1*14 + 14/v?
1
Suppose -y - 2*y - 48 = 0. Let h(m) = -2*m - 30. Let k be h(y). Suppose k*o - 10 = -3*o. What is the units digit of o?
2
What is the thousands digit of ((-7084)/12)/(6/(-7 - 11))?
1
Let x(k) = -2*k**3 + 4*k + 204. What is the hundreds digit of x(0)?
2
Let x = -275 - -942. What is the hundreds digit of x?
6
Suppose 0 = 2*q + 4*x - 182, -3*q + 245 = -0*x - x. Suppose -4 = t + 48. Let g = t + q. What is the units digit of g?
1
Let g(z) = z + 4. Let f be g(0). Let s(p) = -15*p - 112. Let i be s(-8). Suppose 4*o - i = f. What is the units digit of o?
3
Let o(h) = -11*h - 1. Let r = 12 - 16. What is the units digit of o(r)?
3
Suppose -18*k + 111 + 69 = 0. What is the units digit of k?
0
Suppose -8837 = -24*k + 25075. What is the units digit of k?
3
Let c = 9 + -3. Suppose c*n = 3*n + 147. Suppose -149 = -6*j + n. What is the units digit of j?
3
Let n(z) = -z + 12. Let s be n(15). Let x(c) = -5*c**3 + 5*c**2 + 4*c + 2. What is the tens digit of x(s)?
7
Let o(t) = -4*t**3 - 3*t**2 + t + 1. Let u be o(-4). Suppose -187 = -7*r + u. What is the units digit of r?
6
Suppose -966 = -5*n + 4104. What is the hundreds digit of n?
0
Let y(m) be the second derivative of m**3/6 + m**2 + 17*m. What is the units digit of y(4)?
6
Let m = 13 - -52. Suppose 4*j = m + 115. What is the tens digit of j?
4
Let a(s) = -24*s + 63. What is the hundreds digit of a(-7)?
2
Let z be (5 + -3)/(-1) - 3. Let h be 1 + (-5)/(z/9). Suppose -2*c - 3*r + h = 0, -4*r + 12 = c + c. What is the units digit of c?
2
Let j(b) = 32*b**2 + 1. Let a = -22 + 21. What is the tens digit of j(a)?
3
Let v = 612 - 233. What is the units digit of v?
9
Let x = 2 - 37. Suppose 9*s = 12*s + 57. Let t = s - x. What is the units digit of t?
6
Suppose 5*z - 27 + 152 = 0. Let u = 30 - -16. Let a = u + z. What is the tens digit of a?
2
Let l(q) = q**2 + 4*q + 18. Let f be l(10). What is the units digit of (-3)/12*-2*f?
9
Suppose 0 = 3*w + 4*w. Suppose s + w*s = 78. What is the tens digit of s?
7
Let y(q) = 15*q**2 + q - 9. Let o(s) = -31*s**2 - s + 18. Let d(k) = 2*o(k) + 5*y(k). What is the hundreds digit of d(3)?
1
Let r(g) = -3*g - 11. Let u(z) = -2*z + 7. Let l be 6/(-21) - (-102)/14. Let c be u(l). What is the units digit of r(c)?
0
Suppose 7*k - 4841 = -60. What is the tens digit of k?
8
Suppose 53 + 85 = -d. Let l = 231 + d. What is the tens digit of (-1 - l)/(4/(-2))?
4
Suppose 6348 = 4*y - 153*u + 152*u, -2*y + 3160 = 3*u. What is the hun